t j = 19 - 2. What is the greatest common divisor of n and j?
17
Let x(i) = i**2 - 11*i + 8. Let n be x(11). What is the greatest common divisor of n and 24?
8
Let m be (-150)/(-3 - 0) + -3 + 3. What is the highest common factor of m and 10?
10
Let u be (-34)/(-10) - 2/5. Suppose -u*s = -252 - 111. Suppose 5*t - 5*k = 45, -5*t = -t - 5*k - 34. What is the highest common divisor of s and t?
11
Let o(m) = -8*m + 2. Let a be o(-4). Calculate the greatest common divisor of a and 51.
17
Let a(r) = 6*r - 8. Let w be a(7). Let o be 2 + w - 0/(-2). What is the highest common divisor of 12 and o?
12
Suppose 2*x - 4*x = -22. What is the highest common factor of x and 121?
11
Let s = 17 - 11. What is the greatest common divisor of s and 15?
3
Suppose -2*u - 6 = -8. Calculate the greatest common divisor of 11 and u.
1
Let t be 3/(-4*(-6)/856). Suppose 4*o = -d + 4*d + t, 36 = 2*o + 2*d. What is the greatest common factor of 207 and o?
23
Let p be (-1 + 12)/((-5 + 4)/(-3)). What is the highest common divisor of p and 3?
3
Let p(q) = 13*q - 2. Let x be p(2). Calculate the greatest common divisor of x and 4.
4
Suppose 1 = -u + 11. Suppose l = 7 - 4. Suppose -12 = 4*m, 0*c - 87 = -l*c - m. What is the highest common divisor of u and c?
10
Suppose -5 = -o - 5*y, 2*y = o - y - 45. What is the greatest common factor of 90 and o?
30
Let y(s) = -s - 5. Let m be y(-6). Let g(w) = 11*w**2 + 1. Let v be g(m). What is the greatest common factor of 36 and v?
12
Suppose 4*m + m - w = 128, -4*m = -3*w - 98. Suppose 0 = -x + 54 + m. Calculate the highest common divisor of x and 10.
10
Let n = 59 - -157. What is the highest common divisor of n and 24?
24
Let s be 4/8*0 + 8. Calculate the greatest common divisor of 8 and s.
8
Suppose -2 = 5*v - 27. Suppose 4*a - 65 = v*s, s = a + a - 37. Let z(k) = -k**3 + 5*k**2 + k. Let p be z(5). What is the greatest common factor of p and a?
5
Let x be (18/15)/(3/10). Calculate the greatest common factor of x and 36.
4
Suppose s + 2 = 4. Suppose t = 5*k - 94, s*k - k + t = 14. Let v(u) = 3*u**2 + u. Let r be v(-1). What is the highest common divisor of k and r?
2
Suppose 0*k + 599 = k. Suppose 2*s = -2*c + 402, -3*c + k = -4*s + 3*s. Suppose 8*x - c = 3*x. What is the highest common factor of x and 8?
8
Suppose 2*g + 4*r - 368 - 452 = 0, -r - 422 = -g. What is the greatest common divisor of 38 and g?
38
Suppose -2*c - 2*q + 58 = 0, 3*c + 0*q - 88 = -4*q. Let v be ((-14)/(-3))/(3/18). What is the highest common factor of v and c?
28
Let t(q) = -q + 2. Let m be t(0). Suppose -3*l + 4 = -m. Let c be l + 2*23 + 1. What is the greatest common factor of 7 and c?
7
Let k(d) = d**2 - 2*d - 2. Let b be k(4). Suppose 0 = y - 1. What is the highest common factor of b and y?
1
Let p(h) = -h - 7. Let m be p(-11). Let f be 9/m - (-2)/(-8). Suppose 5*i = f*s - 4, -5*s - 5*i + 51 = 6. What is the greatest common divisor of 1 and s?
1
Let k be (-3)/6*(-6 - 8). Calculate the greatest common factor of k and 56.
7
Suppose -h + 125 = 4*h. Let r = -13 + h. Calculate the highest common divisor of 6 and r.
6
Let b(q) = -11*q - 5. Suppose 2*d + 3 = -5. Let f be b(d). Suppose y - f = -2*y. What is the greatest common divisor of 52 and y?
13
Let t(r) be the third derivative of r**6/120 + r**5/30 - 5*r**4/24 - 2*r**3/3 + r**2. Let a be t(-3). Calculate the highest common divisor of 10 and a.
2
Let b(v) = v + 19. Let r be b(-14). Calculate the highest common divisor of 55 and r.
5
Suppose 2*k = -2*o + 370, o - 370 = -3*k + k. What is the greatest common factor of 74 and k?
37
Let q(i) = 8*i + 4. Let g = 0 + 3. Let d be q(g). Let f = d + 4. Calculate the greatest common divisor of 4 and f.
4
Suppose -100 = -11*u + 6*u. Let n be (-356)/(-6) - 2/(-3). Calculate the highest common divisor of u and n.
20
Suppose 4*p = -16, -3*p + 1538 = -5*u + 10*u. Calculate the greatest common factor of u and 10.
10
Let a(z) = z**3 - 7*z**2 + 5*z + 10. Let w be a(6). Let p = 9 + w. What is the highest common divisor of p and 143?
13
Let j = -196 + 276. What is the greatest common divisor of j and 16?
16
Suppose -28*h - 148 = -1324. Suppose 5*m - 4*w - 80 = -2, -4*w = 2*m - 20. Calculate the greatest common divisor of h and m.
14
Suppose -3*w + 31 = 4*u, -3*u - 1 = 5*w - 38. Suppose 432 = u*t - 0*t. What is the greatest common factor of 12 and t?
12
Suppose 2*n + 6 = -n. Let a be ((-8)/(-5))/(n/(-15)). Let s = -172 + 304. What is the highest common divisor of s and a?
12
Let i(j) = j**3 + 6*j**2 + 2*j - 2. Let l be i(-4). Suppose u = 2*u - l. Calculate the highest common factor of u and 2.
2
Let r(g) = g**3 + 90. Let i be r(0). What is the greatest common divisor of 60 and i?
30
Let q = -6 - -2. Let h = 19 + q. Calculate the highest common factor of 45 and h.
15
Let c be 18/(-63) - 10/14. Let t be ((-6)/9)/(c/48). What is the highest common divisor of t and 8?
8
Let z be 3/(-1) - (-21 - -11). What is the greatest common divisor of 21 and z?
7
Suppose -15 = -4*z + 5. Let t = 63 + z. Suppose -11 - 6 = -i. What is the highest common divisor of t and i?
17
Suppose -21*d + 17*d = -432. Let a = d - 33. What is the greatest common divisor of a and 15?
15
Let n = -13 + 22. Let k be (2 + n)*2/1. Suppose 0 = -5*x + 2*j + 12, x - j - 1 = 2. What is the greatest common factor of k and x?
2
Let u = 157 + -130. Calculate the highest common divisor of 45 and u.
9
Let l = -2 + 6. Suppose 2*t - l*t + 4 = 0. Suppose -4*s + a = -35, t*a + 39 - 9 = 3*s. Calculate the greatest common divisor of s and 88.
8
Suppose 3*j - 8 = 5*j. Let m be (-18)/(-2)*j/2. Let b = 33 + m. Calculate the greatest common divisor of 5 and b.
5
Let p(g) = -g**2 + 2*g + 4. Let x be p(4). Let m = x + 8. Suppose -69 = -2*h + 3*t, 5*h - 168 = 7*t - m*t. What is the highest common divisor of h and 11?
11
Suppose -4*n + 1391 = 439. Calculate the highest common divisor of n and 34.
34
Suppose -75 = 3*x - 8*x. What is the highest common factor of x and 60?
15
Let b(n) = n**2 + 6*n - 6. Let d be b(-7). Suppose -4*j - u = -0*j - 9, 2*j + 3*u + 3 = 0. Suppose -j*r + 44 = r. What is the greatest common factor of r and d?
1
Let f(r) = r - 3. Let b be f(4). Let g = b + -4. Let h = 1 - g. What is the highest common factor of 4 and h?
4
Let r(p) = p**3 - p**2 - p + 90. Let b be (0 - 0)/(0 + -2). Let l be r(b). Let d be 2*5*1/1. What is the highest common factor of l and d?
10
Let k(p) = -p**2 + 4*p + 3. Let l be k(4). Let d = l - 1. Suppose -3*w = -3*r - 87, -d*w - 2*r = -0*w - 46. What is the highest common factor of 65 and w?
13
Let v be ((-7)/(-28))/((-1)/(-12)). Calculate the highest common factor of v and 1.
1
Let s be (2/(-3))/((-1)/12). Suppose h - 9 = 2*o, 3*h - 4 = o + s. Let l be 56/6 - o/(-9). Calculate the greatest common factor of 9 and l.
9
Let z(d) = -13*d + 6. Let f be z(-3). Let o be 2*(-2 - (-9)/2). What is the highest common divisor of o and f?
5
Suppose -2*r - 30 = -8*r. Calculate the greatest common divisor of 35 and r.
5
Suppose 0 = -n - c, 0 = -3*n + 3*c + 3 + 3. Let g(y) = -y**2 - 10*y + 8. Let i be g(-10). What is the greatest common divisor of i and n?
1
Let c be 1/(-2)*1864/(-2). Suppose -327 = 2*x + 317. Let d = x + c. What is the greatest common factor of 16 and d?
16
Let w(u) = 3 + 2 - 1 - 6 - 5*u. Let b be w(-1). Let f be 88/3 + 6/9. Calculate the highest common divisor of f and b.
3
Suppose 2*n = -r + 11 + 9, -n - 81 = -3*r. Let s(x) = 6*x + 5. Let a be s(10). What is the highest common factor of r and a?
13
Suppose -5*u = 96 - 1401. Let z(r) = 4*r + 5. Let i be z(6). What is the greatest common divisor of u and i?
29
Let r(d) = -8*d + 19. Let n be r(-7). Calculate the greatest common factor of n and 50.
25
Let p(w) = -w**2 + 2*w + 1. Let v be p(2). Let o(a) be the first derivative of 32*a**4 + 4. Let k be o(v). Calculate the highest common divisor of k and 16.
16
Let o = 15 - 43. Let y = o - -56. Calculate the greatest common divisor of y and 70.
14
Let a be (-2)/3 - 146/(-3). Let d = 72 + -49. Let q = -11 + d. What is the highest common factor of q and a?
12
Suppose 4*p - 6*h + h = 519, 15 = -5*h. Suppose 0 = -u - 5 + 19. What is the highest common factor of p and u?
14
Let m be (-60)/(-14) - 4/14. Suppose -m*o + 18 = -o. What is the greatest common divisor of 2 and o?
2
Suppose 3*k - 18 = -6. What is the gr